5 = -p. What is the highest common divisor of 22 and r?
11
Suppose -4*j + 2*b + 476 = 0, -5*j + 3*b + 472 = -j. Let x = 3 - 0. Suppose -13 = x*t - 46. What is the highest common factor of j and t?
11
Let m(w) = w**2 + w - 1. Let y be m(-2). Calculate the highest common factor of y and 5.
1
Let s be 0 - (2 - 0 - -2). Let t be ((-7)/s - 1)*-4. Let f be (1 - t/(-1)) + 4. Calculate the greatest common divisor of 8 and f.
2
Suppose -32 = 2*n - 6*n. Suppose 4*t - 3*a + 4 = -4*a, t = -3*a - 1. Let v be ((-4)/(-10))/(t/(-20)). What is the greatest common divisor of n and v?
8
Suppose -2*b = 3*n - 125, -b + 77 + 8 = -3*n. Calculate the highest common factor of 14 and b.
14
Let t(r) = -3*r - 1. Let q be t(-3). Calculate the greatest common divisor of 2 and q.
2
Let x(z) = 2*z**2 + z + 1. Let i be x(-1). Suppose 152 = 4*c - i*q, -3*q - 156 = -4*c - 0*q. Calculate the highest common factor of c and 4.
4
Let x(v) = v**3 - 6*v**2 - 10*v + 8. Suppose -q = -0*q + 19. Let l = q + 27. Let f be x(l). What is the greatest common divisor of f and 7?
7
Suppose 5*v + g - 225 = 6*g, -4*v = -g - 177. What is the highest common divisor of 22 and v?
22
Let l(i) = 33*i - 15. Let c be l(3). Calculate the highest common divisor of c and 12.
12
Let x be ((-2)/(-4))/((-2)/(-32)). Let w = -46 - -134. Calculate the highest common divisor of x and w.
8
Let c(b) = -b + 1. Let l be c(-4). Suppose -f = -4*y - 21 - 17, -f = -l*y - 43. What is the highest common factor of f and 108?
18
Suppose -2*j - 2 = 3*w, -2 = 5*j - 5*w + 3. Let g be 327/(-18) + j/(-6). Let f be ((-30)/g)/(2/30). Calculate the highest common factor of f and 25.
25
Let y = -202 - -349. Calculate the greatest common divisor of 98 and y.
49
Let b(z) = -z + 3. Let r be b(-2). Let f be (-6)/10 - (-23)/r. Calculate the highest common divisor of f and 16.
4
Let h = -10 + 21. Suppose 4*s = -323 - 309. Let l = 246 + s. Calculate the greatest common factor of l and h.
11
Let s = 2 - -21. Calculate the greatest common divisor of s and 92.
23
Let k(y) = y**2 + y - 7. Let i be k(-5). Suppose -13 = -10*h + 9*h + 2*l, 0 = -h + 5*l + 13. Calculate the greatest common factor of h and i.
13
Let r be 2/(-3) + 354/(-9). Let y = -24 - r. Calculate the greatest common divisor of 128 and y.
16
Let d = 2 + 3. Suppose 4*c - d = -s, -2*c = -2 - 0. What is the greatest common factor of s and 10?
1
Suppose 5*z = -2*r + 30 - 1, z + 69 = 4*r. Let l = 96 - 11. Calculate the highest common divisor of r and l.
17
Suppose -60 - 60 = -4*y. What is the greatest common factor of 10 and y?
10
Let h = -6 - -1. Let n(t) = 3*t**2 + t + 7. Let u be n(h). Calculate the highest common divisor of u and 7.
7
Let j(a) = 5*a**2 + a - 2. Let n be j(-3). Suppose 2*i + 5*m = n, 4*m = 4*i + i - 166. Calculate the highest common factor of 6 and i.
6
Suppose -2*p - 32 = -4*t, -5*p + 0*p + 16 = 2*t. Let x = 0 + t. Calculate the highest common factor of x and 12.
4
Let z be -2 - (-2 + -1)*6. Let f = z + -7. Let j(b) = 8*b - 32. Let r be j(13). Calculate the highest common factor of r and f.
9
Let x(r) = r**3 - 12*r**2 - 14*r - 4. Let o be x(14). Calculate the highest common divisor of 16 and o.
16
Suppose -3*p = -4*r + 192, 75 - 5 = 2*r + 5*p. Let t = 5 - 0. Calculate the greatest common factor of r and t.
5
Suppose -f - 5 + 23 = 0. Let k be (2/(-4))/((-3)/f). Suppose 3*t + 3*v - 159 = 0, 0*v - k = v. What is the highest common factor of 8 and t?
8
Let j(n) = -71*n + 1. Let x be j(-1). What is the highest common factor of 8 and x?
8
Suppose 5*g - 3*c = c + 45, 4*c = -g - 15. Let n(z) = z - 5. Let f be n(11). Let y be f/15 + (-46)/(-10). What is the greatest common factor of g and y?
5
Let d be (32 - 0) + (-1 - -3)*-1. Suppose -3*w + 2*w = -10. What is the highest common factor of d and w?
10
Let v = 27 - -101. Let g = -35 - -51. Calculate the greatest common divisor of g and v.
16
Let n = 106 + -71. What is the greatest common factor of n and 245?
35
Suppose 2*f = 2*r + 8, -4*f + r = 2*r - 21. What is the greatest common factor of f and 5?
5
Suppose -4 + 6 = r. Suppose -2*t + 46 = -2*v, r*t = -t - 2*v + 44. What is the greatest common factor of 45 and t?
9
Let o be (-13)/2*(-28)/2. Let u = -57 - -70. Calculate the greatest common factor of u and o.
13
Suppose 2*d + 3*d - 225 = 0. Suppose -5*w = -2*v + 7, -2*w + 10 = -7*w + 5*v. Let z be ((-4)/6)/(w/d). Calculate the greatest common divisor of 45 and z.
15
Let c(v) = -v**2 - 11*v - 22. Let w be c(-7). Calculate the highest common factor of 54 and w.
6
Suppose -102 - 358 = -5*p. What is the greatest common divisor of 23 and p?
23
Suppose 4*u = -u + d + 680, u - 136 = 3*d. Suppose 3*f + 4*c - u = 0, -3*f + 224 = 2*f + 4*c. What is the highest common factor of f and 11?
11
Suppose 90*d - 86*d - 1280 = 0. Calculate the greatest common divisor of d and 40.
40
Let k = 11 + 0. Suppose 0 = 4*t - 4. Calculate the highest common divisor of t and k.
1
Let h be (-6)/9*51 + 2. Let s be -1 - (-3 + h/4). Calculate the highest common factor of s and 70.
10
Let d(r) = r**3 + r + 380. Let h be d(0). Suppose 0 = -5*b + h + 100. Calculate the highest common factor of 12 and b.
12
Let k be (-1078)/(-33) - (-2)/6. Calculate the highest common factor of 231 and k.
33
Let q be (-1)/(2 - -2)*-20. Suppose -o = -w + 21, -6*w = -3*w - q*o - 57. Suppose 0 = -3*c + 18 + 6. Calculate the highest common factor of c and w.
8
Suppose -5*j + j + 24 = 0. What is the greatest common factor of j and 54?
6
Let l(w) = -5*w + 10. Let a be l(-6). What is the greatest common factor of a and 8?
8
Let k = 3 + 11. What is the greatest common factor of k and 7?
7
Let c be (-4)/(-2) + 3 - 0. Let i(o) = o + 9. Let w(k) = 2*k + 17. Let x(q) = -5*i(q) + 3*w(q). Let p be x(c). What is the highest common factor of p and 11?
11
Let j be ((-16)/(-6))/((-16)/(-216)). Suppose 0 = -2*s - b - 4*b + 68, -40 = -2*s + 2*b. Calculate the highest common factor of s and j.
12
Let g(s) = -18*s**3 - s**2 - s - 1. Suppose 0 = -5*f + 4*x + 11, -9 = 4*f - 3*f + 2*x. Let i be g(f). Calculate the highest common factor of 17 and i.
17
Suppose -1 + 9 = 2*s. Suppose s*f - 5 = -l, -2*f + 15 = -5*l - 4. Calculate the highest common divisor of f and 1.
1
Suppose -72 = 5*a - 9*a. Calculate the greatest common divisor of 45 and a.
9
Suppose -n + 2*r = 5*r - 35, -3*n + 2*r = -50. Suppose 0*w - 4*w = n. Let t = w - -13. Calculate the highest common factor of t and 88.
8
Suppose 5 = 4*j - 7. Suppose j*z = 3*s + 12, 0*s = -4*z + s + 16. Suppose 0*r - 20 = z*r, 5*r - 71 = -4*k. Calculate the greatest common divisor of k and 8.
8
Let a = -4 + -64. Let o = a + 228. What is the highest common divisor of o and 64?
32
Let w be 272/(-10)*(-1 - 4). Let x be (17/(-2))/1*-2. What is the greatest common factor of x and w?
17
Suppose 10*c - 5*l = 7*c + 41, 3*c = -5*l + 31. Calculate the greatest common divisor of c and 16.
4
Suppose -5*o - 2*s + 124 = 0, -2*o - 2*s + 37 = 3*s. What is the greatest common factor of o and 169?
13
Let m(a) = -3*a**3 - a**2 - 2*a + 2. Let j(r) = -2*r**2 + r + 3. Let i be j(2). Let t be m(i). What is the greatest common factor of 20 and t?
20
Let z be ((-8)/10)/((-2)/(-85)). Suppose 5*y + 48 = -2*b + 7, -b + 3*y - 26 = 0. Let l = b - z. What is the highest common divisor of 1 and l?
1
Suppose 194 = 2*t - 2*h - 218, 5*t + 4*h = 1021. Suppose -2*d = -p - 401, 3*d - 414 - t = 5*p. What is the highest common factor of d and 18?
18
Let x = -8 - -2. Let g = x - -21. Let d(t) = 2*t**2 + 7*t + 6. Let f be d(6). Calculate the highest common factor of g and f.
15
Let c be (40/(-6))/((-4)/204). Let m be (-2 + 3)/((-1)/(-25)). Let o be 2/5 + c/m. Calculate the greatest common divisor of o and 35.
7
Let t = 126 + -70. Let w = t + -14. Let u(b) = -b + 14. Let k be u(7). What is the greatest common factor of w and k?
7
Let i = -12 + 34. Calculate the greatest common divisor of 88 and i.
22
Suppose -3*f + 6*f = 0. Suppose 2*k - 18 - 58 = f. Calculate the highest common factor of 19 and k.
19
Suppose 0*n - 3*n = -246. Suppose -5*d - n = -462. What is the highest common divisor of d and 19?
19
Suppose 0 - 63 = -7*w. What is the highest common divisor of w and 36?
9
Let y = 86 + -76. Let o(b) = b**3 - 2*b + 1. Let x be o(6). Suppose 3*w + r = -2*w + 349, -5*r + x = 3*w. Calculate the highest commo